{"id":180,"date":"2022-12-27T13:09:41","date_gmt":"2022-12-27T12:09:41","guid":{"rendered":"https:\/\/new.reflectprint.eu\/autres-services\/"},"modified":"2022-12-27T18:30:35","modified_gmt":"2022-12-27T17:30:35","slug":"autres-services","status":"publish","type":"page","link":"https:\/\/www.reflectprint.eu\/fr\/autres-services\/","title":{"rendered":"Autres services"},"content":{"rendered":"<div class=\"content page-content\">\n<div class=\"wrap container-fluid\">\n<div class=\"row\">\n<div class=\"col-xs-12\">\n<div class=\"top-img\">\n<div class=\"st-item\">\n\t\t\t\t\t\t<img decoding=\"async\" src=\"\/wp-content\/themes\/dbx_reflect\/img\/pak.jpg\" alt=\"\" class=\"img-responsive\" \/><\/p>\n<div class=\"caption\">\n<ul class=\"breadcrumbs\">\n<li><a href=\"#\">Accueil<\/a><\/li>\n<li>&gt;<\/li>\n<li>Autres services<\/li>\n<\/ul>\n<h1>Autres services<\/h1>\n<\/p><\/div>\n<\/p><\/div>\n<\/p><\/div>\n<\/p><\/div>\n<div class=\"col-xs-12\">\n<div class=\"row el360 middle-xs\">\n<div class=\"col-xs-12 col-md-6\">\n                  <img decoding=\"async\" src=\"\/wp-content\/themes\/dbx_reflect\/img\/other-img1.jpg\" alt=\"\" class=\"img-responsive\" \/>\n                <\/div>\n<div class=\"col-xs-12 col-md-6\">\n<div class=\"padding-box\">\n<h3 class=\"mb-20\">\u00c9tiquetage<\/h3>\n<p>Nous prenons \u00e9galement prendre en charge l\u2019\u00e9tiquetage des v\u00eatements de votre marque. Nous proposons des \u00e9tiquettes jacquard, imprim\u00e9es par transfert thermique, sublimation ou en pellicule flex et cuir synth\u00e9tique. Nous pouvons \u00e9galement proc\u00e9der au changement des \u00e9tiquettes de v\u00eatements, c&rsquo;est-\u00e0-dire remplacer les \u00e9tiquettes du fabricant par celles de votre marque.<\/p>\n<p>\t\t\t\t  <a href=\"#wpcf7-f134-o1\" class=\"btn btn-primary ask-for-offer mt-30\" data-title=\"\u00c9tiquetage\">Demandez une offre<\/a>\n\t\t\t\t  <\/div>\n<\/p><\/div>\n<\/p><\/div>\n<p><\/p>\n<div class=\"row el360 middle-xs\">\n<div class=\"col-xs-12 col-md-6\">\n<div class=\"padding-box\">\n<h3 class=\"mb-20\">Ajout de brochures, d&rsquo;objets gratuits, d\u2019accessoires<\/h3>\n<p>Si vous le souhaitez, nous enrichirons les v\u00eatements et l&rsquo;exp\u00e9dition en y ajoutant des patchs en caoutchouc ou brod\u00e9s, d&rsquo;\u00e9tiquettes et d&rsquo;autocollants en carton, mais \u00e9galement des brochures, des coupons et des articles gratuits \u00e0 l&#8217;emballage.<\/p>\n<p>\t\t\t\t  <a href=\"#wpcf7-f134-o1\" class=\"btn btn-primary ask-for-offer mt-30\" data-title=\"Ajout de brochures, d'objets gratuits, d\u2019accessoires\">Demandez une offre<\/a>\n\t\t\t\t  <\/div>\n<\/p><\/div>\n<div class=\"col-xs-12 col-md-6\">\n                  <img decoding=\"async\" src=\"\/wp-content\/themes\/dbx_reflect\/img\/other-img2.jpg\" alt=\"\" class=\"img-responsive\" \/>\n                <\/div>\n<\/p><\/div>\n<p><\/p>\n<div class=\"row el360 middle-xs\">\n<div class=\"col-xs-12 col-md-6\">\n                  <img decoding=\"async\" src=\"\/wp-content\/themes\/dbx_reflect\/img\/other-img3.jpg\" alt=\"\" class=\"img-responsive\" \/>\n                <\/div>\n<div class=\"col-xs-12 col-md-6\">\n<div class=\"padding-box\">\n<h3 class=\"mb-20\">Compl\u00e9tion et conditionnement<\/h3>\n<p><strong>Compl\u00e9ment<\/strong><br \/>Souhaitez-vous ajouter un gadget ou une brochure fabriqu\u00e9s au Groupe Reflect ? C\u2019est facile, nous les mettrons dans l\u2019emballage et les exp\u00e9dions ensemble.<\/p>\n<p><strong>Conditionnement<\/strong><br \/>Nous pouvons exp\u00e9dier tout type de v\u00eatement dans un emballage en vrac ou, sur demande, dans un emballage individuel pour le prot\u00e9ger davantage de la contamination.<\/p>\n<p>\t\t\t\t  <a href=\"#wpcf7-f134-o1\" class=\"btn btn-primary ask-for-offer mt-30\" data-title=\"Compl\u00e9tion et conditionnement\">Demandez une offre<\/a>\n\t\t\t\t  <\/div>\n<\/p><\/div>\n<\/p><\/div>\n<p><\/p>\n<div class=\"row el360 middle-xs\">\n<div class=\"col-xs-12 col-md-6\">\n<div class=\"padding-box\">\n<h3 class=\"mb-20\">Emballage<\/h3>\n<p><strong>Emballage standard<\/strong><br \/>Nous emballons nos produits de mani\u00e8re standard dans des bo\u00eetes en carton ondul\u00e9, robustes et s\u00fbres, disponibles en deux tailles :<\/p>\n<p>Grand &#8211; 600\/400\/400 mm<br \/>Petit &#8211; 600\/400\/180 mm<\/p>\n<p>Sur votre demande, nous pouvons \u00e9galement exp\u00e9dier les produits dans des cartons sans nos logos.<\/p>\n<p><strong>Emballage individuel<\/strong><br \/>\n\t\t\t\t  Si vous le souhaitez, nous emballons votre exp\u00e9dition de mani\u00e8re unique. Nous imprimons le carton dot\u00e9 d\u2019un graphisme personnalis\u00e9 ou d\u2019une forme inhabituelle, nous emballons le colis en fonction de la taille du v\u00eatement, nous apposons des autocollants sur les sacs avec des informations concernant la taille en question, nous personnalisons la commande en apposant sur le film de s\u00e9curit\u00e9 un autocollant avec le nom et le pr\u00e9nom p.ex. d&rsquo;un employ\u00e9 de l&rsquo;entreprise etc.<\/p>\n<p>\t\t\t\t  <a href=\"#wpcf7-f134-o1\" class=\"btn btn-primary ask-for-offer mt-30\" data-title=\"Emballage\">Demandez une offre<\/a>\n\t\t\t\t  <\/div>\n<\/p><\/div>\n<div class=\"col-xs-12 col-md-6\">\n                  <img decoding=\"async\" src=\"\/wp-content\/themes\/dbx_reflect\/img\/other-img4.jpg\" alt=\"\" class=\"img-responsive\" \/>\n                <\/div>\n<\/p><\/div>\n<\/p><\/div>\n<\/p><\/div>\n<\/p><\/div>\n<\/div>\n<p><!--\/.content--><\/p>\n","protected":false},"excerpt":{"rendered":"<p>Accueil &gt; Autres services Autres services \u00c9tiquetage Nous prenons \u00e9galement prendre en charge l\u2019\u00e9tiquetage des v\u00eatements de votre marque. Nous proposons des \u00e9tiquettes jacquard, imprim\u00e9es par transfert thermique, sublimation ou en pellicule flex et cuir synth\u00e9tique. Nous pouvons \u00e9galement proc\u00e9der au changement des \u00e9tiquettes de v\u00eatements, c&rsquo;est-\u00e0-dire remplacer les \u00e9tiquettes du fabricant par celles de [&hellip;]<\/p>\n","protected":false},"author":1,"featured_media":0,"parent":0,"menu_order":0,"comment_status":"closed","ping_status":"closed","template":"template-inne.php","meta":{"footnotes":""},"class_list":["post-180","page","type-page","status-publish","hentry"],"yoast_head":"<!-- This site is optimized with the Yoast SEO plugin v27.5 - https:\/\/yoast.com\/product\/yoast-seo-wordpress\/ -->\n<title>Autres services - Reflect<\/title>\n<meta name=\"robots\" content=\"index, follow, max-snippet:-1, max-image-preview:large, max-video-preview:-1\" \/>\n<link rel=\"canonical\" href=\"https:\/\/www.reflectprint.eu\/fr\/autres-services\/\" \/>\n<meta property=\"og:locale\" content=\"fr_FR\" \/>\n<meta property=\"og:type\" content=\"article\" \/>\n<meta property=\"og:title\" content=\"Autres services - Reflect\" \/>\n<meta property=\"og:description\" content=\"Accueil &gt; Autres services Autres services \u00c9tiquetage Nous prenons \u00e9galement prendre en charge l\u2019\u00e9tiquetage des v\u00eatements de votre marque. Nous proposons des \u00e9tiquettes jacquard, imprim\u00e9es par transfert thermique, sublimation ou en pellicule flex et cuir synth\u00e9tique. Nous pouvons \u00e9galement proc\u00e9der au changement des \u00e9tiquettes de v\u00eatements, c&rsquo;est-\u00e0-dire remplacer les \u00e9tiquettes du fabricant par celles de [&hellip;]\" \/>\n<meta property=\"og:url\" content=\"https:\/\/www.reflectprint.eu\/fr\/autres-services\/\" \/>\n<meta property=\"og:site_name\" content=\"Reflect\" \/>\n<meta property=\"article:modified_time\" content=\"2022-12-27T17:30:35+00:00\" \/>\n<meta name=\"twitter:card\" content=\"summary_large_image\" \/>\n<meta name=\"twitter:label1\" content=\"Dur\u00e9e de lecture estim\u00e9e\" \/>\n\t<meta name=\"twitter:data1\" content=\"2 minutes\" \/>\n<script type=\"application\/ld+json\" class=\"yoast-schema-graph\">{\"@context\":\"https:\\\/\\\/schema.org\",\"@graph\":[{\"@type\":\"WebPage\",\"@id\":\"https:\\\/\\\/www.reflectprint.eu\\\/fr\\\/autres-services\\\/\",\"url\":\"https:\\\/\\\/www.reflectprint.eu\\\/fr\\\/autres-services\\\/\",\"name\":\"Autres services - Reflect\",\"isPartOf\":{\"@id\":\"https:\\\/\\\/www.reflectprint.eu\\\/#website\"},\"datePublished\":\"2022-12-27T12:09:41+00:00\",\"dateModified\":\"2022-12-27T17:30:35+00:00\",\"breadcrumb\":{\"@id\":\"https:\\\/\\\/www.reflectprint.eu\\\/fr\\\/autres-services\\\/#breadcrumb\"},\"inLanguage\":\"fr-FR\",\"potentialAction\":[{\"@type\":\"ReadAction\",\"target\":[\"https:\\\/\\\/www.reflectprint.eu\\\/fr\\\/autres-services\\\/\"]}]},{\"@type\":\"BreadcrumbList\",\"@id\":\"https:\\\/\\\/www.reflectprint.eu\\\/fr\\\/autres-services\\\/#breadcrumb\",\"itemListElement\":[{\"@type\":\"ListItem\",\"position\":1,\"name\":\"Strona g\u0142\u00f3wna\",\"item\":\"https:\\\/\\\/www.reflectprint.eu\\\/fr\\\/\"},{\"@type\":\"ListItem\",\"position\":2,\"name\":\"Autres services\"}]},{\"@type\":\"WebSite\",\"@id\":\"https:\\\/\\\/www.reflectprint.eu\\\/#website\",\"url\":\"https:\\\/\\\/www.reflectprint.eu\\\/\",\"name\":\"Reflect\",\"description\":\"\",\"potentialAction\":[{\"@type\":\"SearchAction\",\"target\":{\"@type\":\"EntryPoint\",\"urlTemplate\":\"https:\\\/\\\/www.reflectprint.eu\\\/?s={search_term_string}\"},\"query-input\":{\"@type\":\"PropertyValueSpecification\",\"valueRequired\":true,\"valueName\":\"search_term_string\"}}],\"inLanguage\":\"fr-FR\"}]}<\/script>\n<!-- \/ Yoast SEO plugin. -->","yoast_head_json":{"title":"Autres services - Reflect","robots":{"index":"index","follow":"follow","max-snippet":"max-snippet:-1","max-image-preview":"max-image-preview:large","max-video-preview":"max-video-preview:-1"},"canonical":"https:\/\/www.reflectprint.eu\/fr\/autres-services\/","og_locale":"fr_FR","og_type":"article","og_title":"Autres services - Reflect","og_description":"Accueil &gt; Autres services Autres services \u00c9tiquetage Nous prenons \u00e9galement prendre en charge l\u2019\u00e9tiquetage des v\u00eatements de votre marque. Nous proposons des \u00e9tiquettes jacquard, imprim\u00e9es par transfert thermique, sublimation ou en pellicule flex et cuir synth\u00e9tique. Nous pouvons \u00e9galement proc\u00e9der au changement des \u00e9tiquettes de v\u00eatements, c&rsquo;est-\u00e0-dire remplacer les \u00e9tiquettes du fabricant par celles de [&hellip;]","og_url":"https:\/\/www.reflectprint.eu\/fr\/autres-services\/","og_site_name":"Reflect","article_modified_time":"2022-12-27T17:30:35+00:00","twitter_card":"summary_large_image","twitter_misc":{"Dur\u00e9e de lecture estim\u00e9e":"2 minutes"},"schema":{"@context":"https:\/\/schema.org","@graph":[{"@type":"WebPage","@id":"https:\/\/www.reflectprint.eu\/fr\/autres-services\/","url":"https:\/\/www.reflectprint.eu\/fr\/autres-services\/","name":"Autres services - Reflect","isPartOf":{"@id":"https:\/\/www.reflectprint.eu\/#website"},"datePublished":"2022-12-27T12:09:41+00:00","dateModified":"2022-12-27T17:30:35+00:00","breadcrumb":{"@id":"https:\/\/www.reflectprint.eu\/fr\/autres-services\/#breadcrumb"},"inLanguage":"fr-FR","potentialAction":[{"@type":"ReadAction","target":["https:\/\/www.reflectprint.eu\/fr\/autres-services\/"]}]},{"@type":"BreadcrumbList","@id":"https:\/\/www.reflectprint.eu\/fr\/autres-services\/#breadcrumb","itemListElement":[{"@type":"ListItem","position":1,"name":"Strona g\u0142\u00f3wna","item":"https:\/\/www.reflectprint.eu\/fr\/"},{"@type":"ListItem","position":2,"name":"Autres services"}]},{"@type":"WebSite","@id":"https:\/\/www.reflectprint.eu\/#website","url":"https:\/\/www.reflectprint.eu\/","name":"Reflect","description":"","potentialAction":[{"@type":"SearchAction","target":{"@type":"EntryPoint","urlTemplate":"https:\/\/www.reflectprint.eu\/?s={search_term_string}"},"query-input":{"@type":"PropertyValueSpecification","valueRequired":true,"valueName":"search_term_string"}}],"inLanguage":"fr-FR"}]}},"_links":{"self":[{"href":"https:\/\/www.reflectprint.eu\/fr\/wp-json\/wp\/v2\/pages\/180","targetHints":{"allow":["GET"]}}],"collection":[{"href":"https:\/\/www.reflectprint.eu\/fr\/wp-json\/wp\/v2\/pages"}],"about":[{"href":"https:\/\/www.reflectprint.eu\/fr\/wp-json\/wp\/v2\/types\/page"}],"author":[{"embeddable":true,"href":"https:\/\/www.reflectprint.eu\/fr\/wp-json\/wp\/v2\/users\/1"}],"replies":[{"embeddable":true,"href":"https:\/\/www.reflectprint.eu\/fr\/wp-json\/wp\/v2\/comments?post=180"}],"version-history":[{"count":1,"href":"https:\/\/www.reflectprint.eu\/fr\/wp-json\/wp\/v2\/pages\/180\/revisions"}],"predecessor-version":[{"id":227,"href":"https:\/\/www.reflectprint.eu\/fr\/wp-json\/wp\/v2\/pages\/180\/revisions\/227"}],"wp:attachment":[{"href":"https:\/\/www.reflectprint.eu\/fr\/wp-json\/wp\/v2\/media?parent=180"}],"curies":[{"name":"wp","href":"https:\/\/api.w.org\/{rel}","templated":true}]}}

<div class="content page-content">
<div class="wrap container-fluid">
<div class="row">
<div class="col-xs-12">
<div class="top-img">
<div class="st-item">
						<img decoding="async" src="/wp-content/themes/dbx_reflect/img/pak.jpg" alt="" class="img-responsive" /></p>
<div class="caption">
<ul class="breadcrumbs">
<li><a href="#">Accueil</a></li>
<li>&gt;</li>
<li>Autres services</li>
</ul>
<h1>Autres services</h1>
</p></div>
</p></div>
</p></div>
</p></div>
<div class="col-xs-12">
<div class="row el360 middle-xs">
<div class="col-xs-12 col-md-6">
                  <img decoding="async" src="/wp-content/themes/dbx_reflect/img/other-img1.jpg" alt="" class="img-responsive" />
                </div>
<div class="col-xs-12 col-md-6">
<div class="padding-box">
<h3 class="mb-20">Étiquetage</h3>
<p>Nous prenons également prendre en charge l’étiquetage des vêtements de votre marque. Nous proposons des étiquettes jacquard, imprimées par transfert thermique, sublimation ou en pellicule flex et cuir synthétique. Nous pouvons également procéder au changement des étiquettes de vêtements, c&rsquo;est-à-dire remplacer les étiquettes du fabricant par celles de votre marque.</p>
<p>				  <a href="#wpcf7-f134-o1" class="btn btn-primary ask-for-offer mt-30" data-title="Étiquetage">Demandez une offre</a>
				  </div>
</p></div>
</p></div>
<p></p>
<div class="row el360 middle-xs">
<div class="col-xs-12 col-md-6">
<div class="padding-box">
<h3 class="mb-20">Ajout de brochures, d&rsquo;objets gratuits, d’accessoires</h3>
<p>Si vous le souhaitez, nous enrichirons les vêtements et l&rsquo;expédition en y ajoutant des patchs en caoutchouc ou brodés, d&rsquo;étiquettes et d&rsquo;autocollants en carton, mais également des brochures, des coupons et des articles gratuits à l&#8217;emballage.</p>
<p>				  <a href="#wpcf7-f134-o1" class="btn btn-primary ask-for-offer mt-30" data-title="Ajout de brochures, d'objets gratuits, d’accessoires">Demandez une offre</a>
				  </div>
</p></div>
<div class="col-xs-12 col-md-6">
                  <img decoding="async" src="/wp-content/themes/dbx_reflect/img/other-img2.jpg" alt="" class="img-responsive" />
                </div>
</p></div>
<p></p>
<div class="row el360 middle-xs">
<div class="col-xs-12 col-md-6">
                  <img decoding="async" src="/wp-content/themes/dbx_reflect/img/other-img3.jpg" alt="" class="img-responsive" />
                </div>
<div class="col-xs-12 col-md-6">
<div class="padding-box">
<h3 class="mb-20">Complétion et conditionnement</h3>
<p><strong>Complément</strong><br />Souhaitez-vous ajouter un gadget ou une brochure fabriqués au Groupe Reflect ? C’est facile, nous les mettrons dans l’emballage et les expédions ensemble.</p>
<p><strong>Conditionnement</strong><br />Nous pouvons expédier tout type de vêtement dans un emballage en vrac ou, sur demande, dans un emballage individuel pour le protéger davantage de la contamination.</p>
<p>				  <a href="#wpcf7-f134-o1" class="btn btn-primary ask-for-offer mt-30" data-title="Complétion et conditionnement">Demandez une offre</a>
				  </div>
</p></div>
</p></div>
<p></p>
<div class="row el360 middle-xs">
<div class="col-xs-12 col-md-6">
<div class="padding-box">
<h3 class="mb-20">Emballage</h3>
<p><strong>Emballage standard</strong><br />Nous emballons nos produits de manière standard dans des boîtes en carton ondulé, robustes et sûres, disponibles en deux tailles :</p>
<p>Grand &#8211; 600/400/400 mm<br />Petit &#8211; 600/400/180 mm</p>
<p>Sur votre demande, nous pouvons également expédier les produits dans des cartons sans nos logos.</p>
<p><strong>Emballage individuel</strong><br />
				  Si vous le souhaitez, nous emballons votre expédition de manière unique. Nous imprimons le carton doté d’un graphisme personnalisé ou d’une forme inhabituelle, nous emballons le colis en fonction de la taille du vêtement, nous apposons des autocollants sur les sacs avec des informations concernant la taille en question, nous personnalisons la commande en apposant sur le film de sécurité un autocollant avec le nom et le prénom p.ex. d&rsquo;un employé de l&rsquo;entreprise etc.</p>
<p>				  <a href="#wpcf7-f134-o1" class="btn btn-primary ask-for-offer mt-30" data-title="Emballage">Demandez une offre</a>
				  </div>
</p></div>
<div class="col-xs-12 col-md-6">
                  <img decoding="async" src="/wp-content/themes/dbx_reflect/img/other-img4.jpg" alt="" class="img-responsive" />
                </div>
</p></div>
</p></div>
</p></div>
</p></div>
</div>
<p><!--/.content--></p>

<p>Accueil &gt; Autres services Autres services Étiquetage Nous prenons également prendre en charge l’étiquetage des vêtements de votre marque. Nous proposons des étiquettes jacquard, imprimées par transfert thermique, sublimation ou en pellicule flex et cuir synthétique. Nous pouvons également procéder au changement des étiquettes de vêtements, c&rsquo;est-à-dire remplacer les étiquettes du fabricant par celles de [&hellip;]</p>

<!-- This site is optimized with the Yoast SEO plugin v27.5 - https://yoast.com/product/yoast-seo-wordpress/ -->
<title>Autres services - Reflect</title>
<meta name="robots" content="index, follow, max-snippet:-1, max-image-preview:large, max-video-preview:-1" />
<link rel="canonical" href="https://www.reflectprint.eu/fr/autres-services/" />
<meta property="og:locale" content="fr_FR" />
<meta property="og:type" content="article" />
<meta property="og:title" content="Autres services - Reflect" />
<meta property="og:description" content="Accueil &gt; Autres services Autres services Étiquetage Nous prenons également prendre en charge l’étiquetage des vêtements de votre marque. Nous proposons des étiquettes jacquard, imprimées par transfert thermique, sublimation ou en pellicule flex et cuir synthétique. Nous pouvons également procéder au changement des étiquettes de vêtements, c&rsquo;est-à-dire remplacer les étiquettes du fabricant par celles de [&hellip;]" />
<meta property="og:url" content="https://www.reflectprint.eu/fr/autres-services/" />
<meta property="og:site_name" content="Reflect" />
<meta property="article:modified_time" content="2022-12-27T17:30:35+00:00" />
<meta name="twitter:card" content="summary_large_image" />
<meta name="twitter:label1" content="Durée de lecture estimée" />
	<meta name="twitter:data1" content="2 minutes" />
<script type="application/ld+json" class="yoast-schema-graph">{"@context":"https:\/\/schema.org","@graph":[{"@type":"WebPage","@id":"https:\/\/www.reflectprint.eu\/fr\/autres-services\/","url":"https:\/\/www.reflectprint.eu\/fr\/autres-services\/","name":"Autres services - Reflect","isPartOf":{"@id":"https:\/\/www.reflectprint.eu\/#website"},"datePublished":"2022-12-27T12:09:41+00:00","dateModified":"2022-12-27T17:30:35+00:00","breadcrumb":{"@id":"https:\/\/www.reflectprint.eu\/fr\/autres-services\/#breadcrumb"},"inLanguage":"fr-FR","potentialAction":[{"@type":"ReadAction","target":["https:\/\/www.reflectprint.eu\/fr\/autres-services\/"]}]},{"@type":"BreadcrumbList","@id":"https:\/\/www.reflectprint.eu\/fr\/autres-services\/#breadcrumb","itemListElement":[{"@type":"ListItem","position":1,"name":"Strona główna","item":"https:\/\/www.reflectprint.eu\/fr\/"},{"@type":"ListItem","position":2,"name":"Autres services"}]},{"@type":"WebSite","@id":"https:\/\/www.reflectprint.eu\/#website","url":"https:\/\/www.reflectprint.eu\/","name":"Reflect","description":"","potentialAction":[{"@type":"SearchAction","target":{"@type":"EntryPoint","urlTemplate":"https:\/\/www.reflectprint.eu\/?s={search_term_string}"},"query-input":{"@type":"PropertyValueSpecification","valueRequired":true,"valueName":"search_term_string"}}],"inLanguage":"fr-FR"}]}</script>
<!-- / Yoast SEO plugin. -->

Accueil &gt; Autres services Autres services Étiquetage Nous prenons également prendre en charge l’étiquetage des vêtements de votre marque. Nous proposons des étiquettes jacquard, imprimées par transfert thermique, sublimation ou en pellicule flex et cuir synthétique. Nous pouvons également procéder au changement des étiquettes de vêtements, c&rsquo;est-à-dire remplacer les étiquettes du fabricant par celles de [&hellip;]

Strona główna
